{"id":96,"date":"2025-12-05T12:30:06","date_gmt":"2025-12-05T12:30:06","guid":{"rendered":"https:\/\/san-mar.ch\/?page_id=96"},"modified":"2025-12-05T12:30:06","modified_gmt":"2025-12-05T12:30:06","slug":"vergliich-webcaem-baerge-25-tage","status":"publish","type":"page","link":"https:\/\/san-mar.ch\/?page_id=96","title":{"rendered":"Vergliich Webc\u00e4m B\u00e4rge 25 Tage"},"content":{"rendered":"\n<center><img src=webcam\/berge25day\/vor01tag.php alt=\"Webcam\" width=90% border=\"0\" align=\"center\"><\/center>\n\n\n\n<p class=\"has-text-align-center\">Vor 1 Tag<\/p>\n\n\n\n<center><img src=webcam\/berge25day\/vor02tag.php alt=\"Webcam\" width=90% border=\"0\" align=\"center\"><\/center>\n\n\n\n<p class=\"has-text-align-center\">Vor 2 T\u00e4g<\/p>\n\n\n\n<center><img src=webcam\/berge25day\/vor03tag.php alt=\"Webcam\" width=90% border=\"0\" align=\"center\"><\/center>\n\n\n\n<p class=\"has-text-align-center\">Vor 3 T\u00e4g<\/p>\n\n\n\n<center><img src=webcam\/berge25day\/vor04tag.php alt=\"Webcam\" width=90% border=\"0\" align=\"center\"><\/center>\n\n\n\n<p class=\"has-text-align-center\">Vor 4 T\u00e4g<\/p>\n\n\n\n<center><img src=webcam\/berge25day\/vor05tag.php alt=\"Webcam\" width=90% border=\"0\" align=\"center\"><\/center>\n\n\n\n<p class=\"has-text-align-center\">Vor 5 T\u00e4g<\/p>\n\n\n\n<center><img src=webcam\/berge25day\/vor06tag.php alt=\"Webcam\" width=90% border=\"0\" align=\"center\"><\/center>\n\n\n\n<p class=\"has-text-align-center\">Vor 6 T\u00e4g<\/p>\n\n\n\n<center><img src=webcam\/berge25day\/vor07tag.php alt=\"Webcam\" width=90% border=\"0\" align=\"center\"><\/center>\n\n\n\n<p class=\"has-text-align-center\">Vor 7 T\u00e4g<\/p>\n\n\n\n<center><img src=webcam\/berge25day\/vor08tag.php alt=\"Webcam\" width=90% border=\"0\" align=\"center\"><\/center>\n\n\n\n<p class=\"has-text-align-center\">Vor 8 T\u00e4g<\/p>\n\n\n\n<center><img src=webcam\/berge25day\/vor09tag.php alt=\"Webcam\" width=90% border=\"0\" align=\"center\"><\/center>\n\n\n\n<p class=\"has-text-align-center\">Vor 9 T\u00e4g<\/p>\n\n\n\n<center><img src=webcam\/berge25day\/vor10tag.php alt=\"Webcam\" width=90% border=\"0\" align=\"center\"><\/center>\n\n\n\n<p class=\"has-text-align-center\">Vor 10 T\u00e4g<\/p>\n\n\n\n<p><\/p>\n","protected":false},"excerpt":{"rendered":"<p>Vor 1 Tag Vor 2 T\u00e4g Vor 3 T\u00e4g Vor 4 T\u00e4g Vor 5 T\u00e4g Vor 6 T\u00e4g Vor 7 T\u00e4g Vor 8 T\u00e4g Vor 9 T\u00e4g Vor 10 T\u00e4g<\/p>\n","protected":false},"author":1,"featured_media":0,"parent":64,"menu_order":1,"comment_status":"closed","ping_status":"closed","template":"","meta":{"footnotes":""},"class_list":["post-96","page","type-page","status-publish","hentry"],"_links":{"self":[{"href":"https:\/\/san-mar.ch\/index.php?rest_route=\/wp\/v2\/pages\/96","targetHints":{"allow":["GET"]}}],"collection":[{"href":"https:\/\/san-mar.ch\/index.php?rest_route=\/wp\/v2\/pages"}],"about":[{"href":"https:\/\/san-mar.ch\/index.php?rest_route=\/wp\/v2\/types\/page"}],"author":[{"embeddable":true,"href":"https:\/\/san-mar.ch\/index.php?rest_route=\/wp\/v2\/users\/1"}],"replies":[{"embeddable":true,"href":"https:\/\/san-mar.ch\/index.php?rest_route=%2Fwp%2Fv2%2Fcomments&post=96"}],"version-history":[{"count":5,"href":"https:\/\/san-mar.ch\/index.php?rest_route=\/wp\/v2\/pages\/96\/revisions"}],"predecessor-version":[{"id":101,"href":"https:\/\/san-mar.ch\/index.php?rest_route=\/wp\/v2\/pages\/96\/revisions\/101"}],"up":[{"embeddable":true,"href":"https:\/\/san-mar.ch\/index.php?rest_route=\/wp\/v2\/pages\/64"}],"wp:attachment":[{"href":"https:\/\/san-mar.ch\/index.php?rest_route=%2Fwp%2Fv2%2Fmedia&parent=96"}],"curies":[{"name":"wp","href":"https:\/\/api.w.org\/{rel}","templated":true}]}}

Vergliich Webcäm Bärge 25 Tage

<center><img src=webcam/berge25day/vor01tag.php alt="Webcam" width=90% border="0" align="center"></center>



<p class="has-text-align-center">Vor 1 Tag</p>



<center><img src=webcam/berge25day/vor02tag.php alt="Webcam" width=90% border="0" align="center"></center>



<p class="has-text-align-center">Vor 2 Täg</p>



<center><img src=webcam/berge25day/vor03tag.php alt="Webcam" width=90% border="0" align="center"></center>



<p class="has-text-align-center">Vor 3 Täg</p>



<center><img src=webcam/berge25day/vor04tag.php alt="Webcam" width=90% border="0" align="center"></center>



<p class="has-text-align-center">Vor 4 Täg</p>



<center><img src=webcam/berge25day/vor05tag.php alt="Webcam" width=90% border="0" align="center"></center>



<p class="has-text-align-center">Vor 5 Täg</p>



<center><img src=webcam/berge25day/vor06tag.php alt="Webcam" width=90% border="0" align="center"></center>



<p class="has-text-align-center">Vor 6 Täg</p>



<center><img src=webcam/berge25day/vor07tag.php alt="Webcam" width=90% border="0" align="center"></center>



<p class="has-text-align-center">Vor 7 Täg</p>



<center><img src=webcam/berge25day/vor08tag.php alt="Webcam" width=90% border="0" align="center"></center>



<p class="has-text-align-center">Vor 8 Täg</p>



<center><img src=webcam/berge25day/vor09tag.php alt="Webcam" width=90% border="0" align="center"></center>



<p class="has-text-align-center">Vor 9 Täg</p>



<center><img src=webcam/berge25day/vor10tag.php alt="Webcam" width=90% border="0" align="center"></center>



<p class="has-text-align-center">Vor 10 Täg</p>



<p></p>

<p>Vor 1 Tag Vor 2 Täg Vor 3 Täg Vor 4 Täg Vor 5 Täg Vor 6 Täg Vor 7 Täg Vor 8 Täg Vor 9 Täg Vor 10 Täg</p>
